{"id":49,"date":"2020-11-22T18:37:33","date_gmt":"2020-11-22T18:37:33","guid":{"rendered":"https:\/\/ceramicamartadanes.es\/tienda\/?page_id=49"},"modified":"2025-09-03T10:31:37","modified_gmt":"2025-09-03T10:31:37","slug":"inicio","status":"publish","type":"page","link":"https:\/\/ceramicamartadanes.es\/tienda\/","title":{"rendered":"Inicio"},"content":{"rendered":"\r\n<h2 class=\"has-medium-font-size wp-block-heading\"><em><span class=\"has-inline-color\" style=\"color: #272e38;\">Bienvenidos a mi cat\u00e1logo. Aqu\u00ed encontrar\u00e1s objetos para el hogar que realizo con mucho mimo en mi taller, son de dise\u00f1o exclusivo, realizados y pintados a mano. Tambi\u00e9n pueden ser personalizados. <\/span><\/em><\/h2>\r\n<h2 class=\"has-medium-font-size\"><em><span class=\"has-inline-color\" style=\"color: #272e38;\">Si te surge cualquier duda ponte en contacto conmigo. Muchas gracias por tu visita<\/span><\/em>. <a href=\"https:\/\/ceramicamartadanes.es\/tienda\/botiga\/\" data-type=\"page\" data-id=\"6\"><em>CER\u00c1MICA MARTA DAN\u00c9S<\/em><\/a><\/h2>\r\n","protected":false},"excerpt":{"rendered":"<p>Bienvenidos a mi cat\u00e1logo. Aqu\u00ed encontrar\u00e1s objetos para el hogar que realizo con mucho mimo en mi taller, son de dise\u00f1o exclusivo, realizados y pintados a mano. Tambi\u00e9n pueden ser personalizados. Si te surge cualquier duda ponte en contacto conmigo. Muchas gracias por tu visita. CER\u00c1MICA MARTA DAN\u00c9S<\/p>\n","protected":false},"author":1,"featured_media":0,"parent":0,"menu_order":0,"comment_status":"closed","ping_status":"closed","template":"template-fullwidth.php","meta":{"_joinchat":[],"footnotes":""},"class_list":["post-49","page","type-page","status-publish","hentry"],"jetpack_sharing_enabled":true,"_links":{"self":[{"href":"https:\/\/ceramicamartadanes.es\/tienda\/wp-json\/wp\/v2\/pages\/49","targetHints":{"allow":["GET"]}}],"collection":[{"href":"https:\/\/ceramicamartadanes.es\/tienda\/wp-json\/wp\/v2\/pages"}],"about":[{"href":"https:\/\/ceramicamartadanes.es\/tienda\/wp-json\/wp\/v2\/types\/page"}],"author":[{"embeddable":true,"href":"https:\/\/ceramicamartadanes.es\/tienda\/wp-json\/wp\/v2\/users\/1"}],"replies":[{"embeddable":true,"href":"https:\/\/ceramicamartadanes.es\/tienda\/wp-json\/wp\/v2\/comments?post=49"}],"version-history":[{"count":48,"href":"https:\/\/ceramicamartadanes.es\/tienda\/wp-json\/wp\/v2\/pages\/49\/revisions"}],"predecessor-version":[{"id":2155,"href":"https:\/\/ceramicamartadanes.es\/tienda\/wp-json\/wp\/v2\/pages\/49\/revisions\/2155"}],"wp:attachment":[{"href":"https:\/\/ceramicamartadanes.es\/tienda\/wp-json\/wp\/v2\/media?parent=49"}],"curies":[{"name":"wp","href":"https:\/\/api.w.org\/{rel}","templated":true}]}}